f p and 14.
14
Suppose 0 = -4*x + 5*k + 39, -k - 55 + 12 = -4*x. Let c be ((-8)/12)/((-5)/15). Suppose c*n - 53 - 145 = 0. Calculate the greatest common divisor of x and n.
11
Suppose -38 - 134 = -4*g. What is the highest common factor of g and 387?
43
Let s(x) be the second derivative of x**4/12 - 13*x**3/6 + 4*x**2 + 9*x. Let z be s(-12). Calculate the highest common divisor of 28 and z.
28
Let y = 77 + -23. Suppose -5*w - 5*r = 20, -2*w + 13 = -2*r + 5. Suppose 0 = -h - w*h + 18. What is the greatest common divisor of h and y?
18
Suppose 17 + 340 = 3*q. Calculate the highest common factor of q and 17.
17
Suppose 11 = 4*y - 25. What is the highest common divisor of 72 and y?
9
Let z = 1 - -1. Suppose 4*x - 5*m + 1 + 0 = 0, -3*m + 15 = 0. Suppose -4*p + x = 2. Calculate the highest common factor of p and z.
1
Let p(q) = q**3 - 15*q**2 + 12. Let y be p(15). Calculate the greatest common divisor of y and 84.
12
Let f(s) = s**3 - 8*s**2 - 8*s + 5. Let t be f(9). What is the greatest common divisor of 2 and t?
2
Suppose 37 = 4*h + 2*w - 17, -3*h = -3*w - 27. Calculate the highest common divisor of h and 132.
12
Suppose -4*q - 70 = q. Let o = q + 34. Let z(x) = x**2 - 6*x + 1. Let g be z(7). Calculate the greatest common divisor of g and o.
4
Suppose 0 = -r - 3*x + 5, -3*x + 85 = 3*r + 2*r. Let y be (-6)/(-24) + (-958)/(-8). What is the greatest common factor of y and r?
20
Let z be 8*(-1)/4*-2. Let q be ((-2)/z)/(3/(-36)). Calculate the highest common divisor of q and 30.
6
Let i be 4/18 - (-1600)/90. Let t be 0 - 4/2 - -164. What is the greatest common factor of i and t?
18
Let j(n) = -n**2 + 11*n + 3. Let z be j(8). What is the highest common divisor of z and 9?
9
Suppose -2*t = 3*t - 160. Calculate the highest common divisor of t and 8.
8
Let h = -116 + 132. What is the greatest common factor of 128 and h?
16
Suppose 23 = 4*x + f - 0*f, 3*f - 4 = x. Let j = 83 + -38. Calculate the highest common factor of x and j.
5
Let x = -19 + 79. Let o = -5 - 2. Let u be (o/(-3) - 3)*-60. Calculate the highest common factor of u and x.
20
Let v = 215 + -102. Suppose 15 = 2*s - v. Calculate the greatest common divisor of 16 and s.
16
Let k = 9 - 4. Suppose -q = k*l - 32, -q - q + 19 = -5*l. What is the greatest common divisor of q and 85?
17
Let t(k) = k**3 + k**2 + 21. Let o be t(0). Suppose 2*r - r + 4*y - 11 = 0, 4*y - 65 = 5*r. Let f = o + r. Calculate the greatest common divisor of f and 4.
4
Let y(c) = 6*c**3 - 3*c**2 + 4*c - 2. Let a be y(2). What is the highest common divisor of 42 and a?
42
Suppose 37 - 57 = -4*k. Calculate the highest common factor of 35 and k.
5
Let u = 18 - 61. Suppose -375 = i - 6*i. Let d = u + i. Calculate the highest common factor of d and 48.
16
Suppose 26 = -0*w - 2*w + 4*g, -5*g = -4*w - 52. Let z = w + 29. What is the highest common factor of z and 112?
16
Let a(k) = 28*k**3 + k**2 - 2*k + 1. Let c be a(1). Let t be (-2)/(((-12)/(-21))/2). Let l be 2/t - (-1968)/28. What is the greatest common factor of c and l?
14
Let w(u) = -4*u - 3. Let z be w(-8). Suppose -3*s + 130 = -o, 4*s + 3*o - 166 = z. Calculate the greatest common divisor of s and 18.
9
Let m = -103 + 205. Let f = m + -48. Calculate the highest common divisor of 9 and f.
9
Let l = -3 + 2. Let o be 3/(3*l/(-8)). Suppose -2*n + o = -2. Calculate the greatest common factor of 5 and n.
5
Let q(g) = -6*g - 3. Let p be q(-2). Let d be 20*1/((-4)/6). Let t be (d/(-8))/(4/48). What is the highest common divisor of t and p?
9
Suppose 0 = -o + 4*o - 30. Let c = 5 - 4. Let j be c*84 + -2 - 2. Calculate the greatest common factor of j and o.
10
Suppose 0 = h + s - 122, s - 362 = -3*h - 0*h. Calculate the highest common factor of 30 and h.
30
Suppose 0 = -3*a - 5 + 32. Suppose -4*b + 2*t + 14 = 0, 3*t = -4*b - 6 - 5. Calculate the greatest common factor of b and a.
1
Let d = 18 + -2. Suppose 4*k = d, -3*q - 4*k + 98 = k. Calculate the greatest common factor of 182 and q.
26
Let r be -3 + 4 + 2 + -3. Suppose -m + 2*g = -52, r = -0*g - 2*g - 4. What is the highest common divisor of m and 12?
12
Suppose 13*r + 2*r - 60 = 0. What is the greatest common factor of 68 and r?
4
Let y(w) = w + 2. Let f be y(-5). Let r be f + (0 - (-2 - 1)). Let x be 9*(r + 3/3). Calculate the greatest common factor of x and 3.
3
Suppose -277 = -4*f + 3*d, -5*f + 2*d = -f - 278. Calculate the highest common divisor of f and 28.
14
Suppose -32*k = -31*k - 88. Calculate the greatest common divisor of 44 and k.
44
Let g = -18 - -20. Suppose -3*k + g*k + 17 = 0. What is the greatest common divisor of k and 51?
17
Let x(k) = 4*k**2 + 2. Let v be x(1). Calculate the greatest common factor of 10 and v.
2
Suppose 135 - 459 = -2*a. Let o(b) = b**2 - 7. Let j be o(5). Calculate the greatest common factor of a and j.
18
Suppose -f = -2*c + 230, -3*c - 4*f + 6*f = -346. What is the greatest common divisor of c and 38?
38
Suppose j - 7 = k, -5*k - 31 = -0*j - 3*j. Let i(x) = -2*x - 7*x + 2 + 6*x + j*x**2 + x**3. Let l be i(2). What is the highest common divisor of 12 and l?
12
Suppose -5*n + 5*a = -600, 2*n = n - 3*a + 108. Suppose x - 3*x = 76. Let i = -25 - x. Calculate the highest common factor of i and n.
13
Suppose n - 176 = -0*n. Suppose n = 5*a + 3*r - 137, r = -a + 61. Calculate the greatest common divisor of a and 13.
13
Let f be (-178)/(-14) - 4/(-14). Suppose -2*j - 6 = 0, 5*j - 126 = -4*g + 431. Calculate the greatest common factor of g and f.
13
Let d(v) = 2*v**3 - 2*v**2 + 5*v - 4. Let t be d(4). Calculate the highest common divisor of t and 7.
7
Suppose -5*v = -0*v - 20. Suppose -u = u - v. Suppose 2*o - 20 = -4. Calculate the highest common divisor of u and o.
2
Suppose 1 - 3 = d, -949 = -3*i + 2*d. What is the greatest common factor of 35 and i?
35
Let a = 3 + -1. Suppose 5 = t + a. Suppose 3*o - o - 6 = 0. What is the greatest common divisor of o and t?
3
Let o = -176 + 248. Suppose -4*z + 15 = -17. Calculate the highest common divisor of o and z.
8
Let u be (8/10)/((-2)/10). Let h be (24/(-18))/(u/30). What is the greatest common divisor of h and 50?
10
Let x = 22 - -1. Suppose i + x = 86. What is the greatest common divisor of i and 9?
9
Let f be ((-204)/(-8))/(3/16). Let p be 9/3 - 25*-6. Let o be (-4)/(-6)*p/6. Calculate the greatest common divisor of f and o.
17
Suppose -2*l - 3*o + 137 = 0, 0 = -4*l + 5*o - 2*o + 301. Suppose 5*u - 107 = l. What is the greatest common divisor of u and 90?
18
Let v be -125 - 1/(-3)*0. Let m be (2/5)/((-5)/v). Let q = 44 + -4. What is the highest common factor of m and q?
10
Let w be (-12)/8*8/(-3). Let u be 0 + 0 + -2 + w. Suppose -u*c - c = -39. What is the highest common divisor of c and 117?
13
Let q(s) = s**3 - 2*s. Suppose 3*t = 10 - 4. Let w be q(t). Calculate the highest common divisor of 1 and w.
1
Suppose 0 = -s + 60 - 56. Suppose 2*w - 64 = -4*h, 4*w + 64 = 6*h - 2*h. Calculate the highest common divisor of s and h.
4
Suppose -5*c - 219 + 669 = 0. Suppose 2*q + 27 = 5*q. What is the greatest common divisor of q and c?
9
Suppose -2*o + 28 + 2 = 0. Let x be o*(-1)/6*-4. What is the greatest common divisor of 110 and x?
10
Suppose -285 = -3*h + 3*x - 2*x, h + 5*x - 95 = 0. What is the greatest common divisor of 19 and h?
19
Let l be (-4 + 5)/(-1)*-95. Calculate the highest common factor of l and 38.
19
Suppose -20 - 8 = -f. Suppose -12 = -2*c - c. Calculate the greatest common factor of f and c.
4
Suppose -63 = -3*x + 87. Let w = -45 + 65. What is the highest common divisor of w and x?
10
Suppose -13*k = -190 - 1500. What is the greatest common factor of k and 26?
26
Suppose -q - 3*q = 4*s - 580, -3*s - 12 = 0. Let p = 128 + -61. Suppose -q = -3*w + p. What is the greatest common factor of w and 8?
8
Let r be (-40)/25 - 2/5. Let y be r - 22/(-4)*10. Suppose -y - 7 = -5*g. Calculate the greatest common factor of 8 and g.
4
Suppose -4*a + 17 = -11. Let w = a + -18. Let s = 0 - w. Calculate the highest common divisor of s and 22.
11
Suppose 2*f - 8 = -0*f. Suppose -4*o = 5*s - 529, -s = -0*s + f*o - 109. Calculate the highest common factor of 21 and s.
21
Let g(u) = -6*u + 5. Let j(s) = 13*s - 9. Let f(c) = 9*g(c) + 4*j(c). Let b be f(-7). What is the greatest common divisor of 69 and b?
23
Let l = -43 - -76. Let j be (-14)/3*(-6)/(-2). Let v = j